or of 4379 and 116.
29
Calculate the greatest common divisor of 1355 and 11653.
271
Calculate the highest common divisor of 374 and 34.
34
Calculate the highest common factor of 272 and 102.
34
What is the greatest common divisor of 2413 and 19?
19
Calculate the highest common divisor of 19 and 1577.
19
What is the greatest common factor of 738 and 54?
18
What is the highest common factor of 759 and 598?
23
Calculate the greatest common divisor of 34 and 8.
2
What is the highest common divisor of 35 and 395?
5
What is the greatest common factor of 70 and 30?
10
Calculate the highest common factor of 923 and 71.
71
Calculate the greatest common factor of 2758 and 1773.
197
What is the greatest common factor of 7596 and 252?
36
Calculate the greatest common factor of 532 and 684.
76
What is the highest common divisor of 304 and 228?
76
What is the highest common divisor of 1365 and 195?
195
What is the greatest common factor of 27416 and 368?
184
What is the highest common divisor of 238 and 272?
34
What is the greatest common factor of 286 and 26?
26
What is the highest common factor of 36 and 63?
9
Calculate the greatest common factor of 13657 and 7.
7
What is the highest common factor of 720 and 24?
24
Calculate the highest common factor of 368 and 48.
16
Calculate the highest common divisor of 2088 and 36.
36
Calculate the highest common divisor of 96 and 1608.
24
What is the highest common divisor of 20 and 295?
5
Calculate the highest common divisor of 3940 and 180.
20
Calculate the highest common factor of 78 and 162.
6
What is the highest common factor of 1513 and 51?
17
What is the greatest common divisor of 8701 and 77?
77
Calculate the greatest common divisor of 490 and 10.
10
Calculate the greatest common factor of 36 and 32.
4
Calculate the greatest common divisor of 20624 and 32.
16
What is the highest common factor of 36365 and 14?
7
What is the highest common factor of 126 and 60?
6
Calculate the greatest common divisor of 721 and 927.
103
What is the greatest common divisor of 88 and 187?
11
Calculate the greatest common factor of 7 and 29036.
7
Calculate the highest common divisor of 2060 and 20.
20
What is the highest common divisor of 15 and 185?
5
Calculate the greatest common factor of 920 and 175.
5
What is the highest common divisor of 282 and 94?
94
Calculate the highest common factor of 260 and 208.
52
Calculate the highest common factor of 14 and 28448.
14
What is the greatest common factor of 462 and 539?
77
What is the greatest common divisor of 4715 and 46?
23
What is the highest common divisor of 42 and 780?
6
Calculate the highest common factor of 1065 and 30.
15
What is the greatest common factor of 32 and 6?
2
Calculate the greatest common factor of 33 and 88.
11
Calculate the highest common factor of 84 and 196.
28
Calculate the greatest common factor of 459 and 81.
27
What is the greatest common divisor of 34 and 323?
17
Calculate the greatest common factor of 2952 and 90.
18
What is the greatest common factor of 2002 and 22?
22
What is the greatest common divisor of 270 and 45?
45
What is the highest common divisor of 154 and 3674?
22
Calculate the highest common divisor of 813 and 21409.
271
What is the greatest common factor of 14976 and 117?
117
Calculate the greatest common factor of 9 and 51228.
9
Calculate the greatest common factor of 12 and 636.
12
What is the greatest common divisor of 820 and 40?
20
Calculate the greatest common factor of 8326 and 3982.
362
What is the highest common divisor of 30 and 118?
2
Calculate the highest common divisor of 43 and 5.
1
Calculate the greatest common factor of 16 and 92.
4
Calculate the greatest common divisor of 1056 and 32.
32
Calculate the highest common divisor of 11322 and 111.
111
What is the highest common divisor of 231 and 21?
21
What is the greatest common divisor of 99 and 792?
99
Calculate the greatest common divisor of 7134 and 164.
82
Calculate the highest common factor of 3 and 753.
3
Calculate the greatest common factor of 12 and 39.
3
What is the greatest common factor of 125 and 150?
25
What is the highest common factor of 14 and 224?
14
What is the highest common divisor of 1176 and 2205?
147
Calculate the highest common factor of 105 and 225.
15
What is the greatest common factor of 51 and 1275?
51
Calculate the highest common factor of 779 and 82.
41
What is the highest common factor of 85 and 2?
1
Calculate the highest common factor of 14 and 206.
2
What is the highest common divisor of 1035 and 414?
207
What is the highest common factor of 289 and 1?
1
What is the highest common factor of 23 and 713?
23
What is the highest common factor of 84 and 28?
28
Calculate the highest common divisor of 4300 and 700.
100
Calculate the greatest common divisor of 35 and 70.
35
Calculate the highest common divisor of 28266 and 42.
42
Calculate the greatest common divisor of 48 and 60.
12
Calculate the highest common factor of 786 and 6.
6
Calculate the highest common divisor of 429 and 1001.
143
What is the greatest common factor of 1840 and 115?
115
Calculate the highest common divisor of 35659 and 13.
13
What is the greatest common factor of 52 and 1404?
52
Calculate the highest common divisor of 3405 and 60.
15
Calculate the greatest common factor of 986 and 68.
34
Calculate the highest common factor of 39 and 689.
13
What is the greatest common factor of 2 and 27?
1
What is the highest common divisor of 150 and 7250?
50
Calculate the highest common factor of 28 and 70.
14
Calculate the greatest common factor of 40 and 312.
8
What is the greatest common factor of 1062 and 774?
18
What is the highest common divisor of 111 and 2553?
111
What is the greatest common factor of 195 and 55?
5
Calculate the highest common divisor of 17 and 1139.
17
Calculate the greatest common divisor of 2750 and 88.
22
What is the greatest common factor of 2588 and 4?
4
Calculate the greatest common divisor of 1100 and 125.
25
What is the greatest common divisor of 3007 and 124?
31
What is the greatest common divisor of 1739 and 47?
47
What is the greatest common factor of 17303 and 13?
13
Calculate the greatest common divisor of 322 and 28.
14
Calculate the greatest common divisor of 8204 and 84.
28
Calculate the highest common factor of 192 and 18.
6
Calculate the greatest common factor of 11637 and 216.
27
Calculate the greatest common factor of 1358 and 14.
14
Calculate the highest common divisor of 676 and 8424.
52
What is the highest common divisor of 112 and 44912?
112
What is the highest common divisor of 15 and 5780?
5
What is the highest common divisor of 684 and 144?
36
What is the greatest common factor of 9 and 16434?
9
What is the highest common divisor of 128 and 352?
32
What is the greatest common divisor of 16 and 648?
8
Calculate the greatest common factor of 31 and 1085.
31
Calculate the highest common factor of 20207 and 121.
121
What is the greatest common divisor of 55 and 4345?
55
What is the highest common divisor of 8464 and 16?
16
Calculate the highest common factor of 32 and 128.
32
Calculate the highest common divisor of 34 and 119.
17
What is the highest common divisor of 228 and 120?
12
Calculate the greatest common factor of 12 and 1758.
6
What is the greatest common factor of 11 and 24431?
11
What is the greatest common divisor of 1344 and 21?
21
Calculate the greatest common factor of 873 and 828.
9
What is the highest common factor of 1498 and 448?
14
Calculate the highest common factor of 56 and 3052.
28
Calculate the highest common factor of 424 and 51304.
424
What is the greatest common divisor of 898 and 2?
2
What is the highest common factor of 11 and 4686?
11
Calculate the highest common divisor of 1566 and 58.
58
What is the greatest common divisor of 5000 and 16?
8
Calculate the greatest common factor of 726 and 4114.
242
What is the greatest common factor of 384 and 42?
6
What is the greatest common factor of 1681 and 410?
41
What is the greatest common factor of 80 and 176?
16
What is the greatest common divisor of 4580 and 140?
20
Calculate the greatest common divisor of 56 and 1192.
8
Calculate the highest common factor of 86 and 8.
2
Calculate the highest common factor of 1462 and 43.
43
Calculate the highest common fact